se -13*s + 3 - 29 = 0. Determine u(s).
5
Suppose 42*f = 47*f + v - 70, 3*f - v - 42 = 0. Let p(u) = u**3 - 13*u**2 - 15*u + 10. Calculate p(f).
-4
Let i(l) = -2*l + 1. Suppose 2*u + 2*n + 0*n = -6, -4*u + n + 8 = 0. Determine i(u).
-1
Let r(k) = k**3 + 2*k**2 + k. Let j be r(-2). Let o(h) = 18*h + 3. Determine o(j).
-33
Let a = 67 - 42. Suppose -a = h - 6*h. Let r(v) = 8*v**2 + 7*v**2 - 7*v - 32*v**2 + 6*v**2 + 12*v**2. Give r(h).
-10
Suppose 2*q + 40 = -2. Let k = -18 - q. Suppose k*a - 6 - 3 = l, 5*a - 25 = 0. Let v(x) = x**3 - 5*x**2 - 6*x + 6. Calculate v(l).
6
Let k(z) be the third derivative of -z**5/60 + 19*z**4/24 - 10*z**3/3 - 583*z**2. Give k(16).
28
Let j(i) = -10 + 12*i - i - 8 + 12 - 9*i. Give j(5).
4
Suppose -2*o + 0*o + 8 = 0. Suppose -o*s + 4*t = -4, 7*s - 2*t - 20 = 2*s. Let f(g) = -g**2 + 5*g + 2. What is f(s)?
-4
Let b(m) be the second derivative of -m**5/10 + m**4/4 + m**3/2 + 2*m**2 + 9*m + 1. Give b(3).
-14
Suppose 4*m - 6*b + 11*b - 38 = 0, -5*m + 4*b = -27. Suppose -3*t + 40 = 2*t. Let a(r) = -5*r - 4 + 0*r**3 + t*r**2 - r**3 - 1. Give a(m).
9
Let q(s) = 27. Let i(z) = z - 30. Let m(n) = 3*i(n) + 4*q(n). Calculate m(-4).
6
Let x(r) = 2*r + 2. Let w be 1 - (-655)/(-5) - -4. Let t be w/26 + (-14)/91. Determine x(t).
-8
Let x(o) = -2*o + 14. Suppose -c + 2*k - 7*k - 9 = 0, -5*c + 21 = 3*k. Give x(c).
2
Let w(r) = r**3 - 4*r**2 + 0*r + 5 + 4*r - 5*r. Suppose 0 = -7*t + 6*t + 4. Suppose -2*z + 4*y = -z - t, 3*y = 0. Calculate w(z).
1
Suppose -3*v = 2*o + 4, 4*o = -v - 10 - 8. Suppose -4*z + 14 = 2, -v*l = z - 5. Let h(d) be the first derivative of 8*d**2 - d + 18. What is h(l)?
15
Let f(l) = -32*l**3 + 31*l**3 + 125*l - 24 + 10*l**2 - 99*l. Determine f(12).
0
Suppose -13 = -5*l + 2. Let v(r) = 7*r - 37. Let m(i) = 11*i - 58. Let p(t) = 5*m(t) - 8*v(t). Give p(l).
3
Let p be 3*3/(-3 - -6). Suppose 4*h = -l + p, 0 = -3*h - 5*l - 15 - 4. Let u(a) = a + 7 - h*a + 0*a. What is u(5)?
2
Let s(u) be the second derivative of 1/3*u**3 + 1/4*u**4 + 1/20*u**5 + 0 + 3/2*u**2 + 7*u. Give s(-2).
3
Let n(t) = -3*t**2 - t - 1. Let d be (-12)/54 - (-292)/18. Suppose 8*w - d = -24. What is n(w)?
-3
Let f(k) = k**2 - 6*k - 4. Suppose -u = 64 + 17. Let v = 88 + u. Calculate f(v).
3
Let m(x) be the first derivative of 3*x**2/2 + x - 1. Suppose -9*i + 408 = -78. Let a = i - 55. What is m(a)?
-2
Let r(j) = -8*j**2 - 5*j + 2. Let v(m) = 0*m + m + 8 + m**2 - 8. Let u(a) = -r(a) - 6*v(a). Determine u(-2).
8
Let f(t) be the second derivative of -t**3/6 - 9*t**2/2 - 305*t. Give f(-9).
0
Let t(v) = -17*v + 13. Let n be t(7). Let z = -108 - n. Let l(h) = -h**3 - 2*h**2 + 2*h + 3. Calculate l(z).
-1
Let q(c) = 113*c**2 + 12*c. Let v(h) = 4418*h**2 + 470*h. Let n(g) = 235*q(g) - 6*v(g). What is n(1)?
47
Let f(k) = k**3 - 22*k**2 - 2*k + 5. Let p(w) = -5*w**2 - 2*w - 1. Let g(m) = -f(m) + 6*p(m). Give g(-6).
-23
Let d(o) = -o - 14. Suppose -15*p = 9*p + 168. Give d(p).
-7
Let a(m) = -m**3 + 10*m**2 - 7*m - 11. Let g be a(9). Suppose 4*y + 6 = g*y. Let j(f) = -y*f - f**3 + 3 + 0*f**3 - 3*f + 3*f. Give j(2).
-9
Let a(g) = 7*g - 1. Suppose 0 = -5*j - 2*z + 5, j + 0*j = -2*z - 7. Suppose 4*r + 11 = j*f, -7*r = -4*f - 3*r + 12. Give a(f).
6
Let k(o) = -28*o**2 + 10*o**2 - 3 - 3*o + 7*o**2 + 4*o**2 + 5*o**2. Determine k(-5).
-38
Let u(h) be the first derivative of 19*h**3/3 + h**2 - 66. Calculate u(1).
21
Let q(b) = -b**3 - b - 5 - 3*b**2 + b + 2*b. Let g be q(-4). Let v(y) = -12*y**g + 4*y + 13*y**3 - 1 + 6*y**2 - 2*y. Give v(-6).
-13
Let d(k) = 3*k + 1. Suppose 24*w - 23*w - 2 = 0. Calculate d(w).
7
Let u be (16/8)/((-4)/(-6)). Suppose 5*p - 3 = p + u*d, 0 = 5*p + 3*d + 3. Suppose p = -9*a + 8*a. Let x(r) = -r + 10. Give x(a).
10
Let d(q) = -6*q**3 - 20*q**2 - 5*q + 2. Let y(g) = -7*g**3 - 22*g**2 - 4*g + 1. Let t(m) = -6*d(m) + 5*y(m). Give t(-8).
41
Let w(o) = o**2 - 4*o + 5. Let d be (-7 - (-8 + 11)) + 12. Give w(d).
1
Let l(v) = -v**2 - 20*v - 20. Suppose 0 = -5*f + 5*o - 75, -25*f + 5*o + 39 = -26*f. Determine l(f).
-1
Let v(r) = r**2 + 12*r + 14. Let b = 775 - 784. What is v(b)?
-13
Suppose -5*x - 3 = 2*y, 0 = 2*y - 0*y + 8. Let m be -1*(x - 2) + 2. Suppose 1 - m = h - r, -5*h - r - 22 = 0. Let t(g) = g**2 + 3*g - 3. Give t(h).
1
Let k(t) = -3*t - 21. Suppose 101*l - 106*l - 30 = 0. Determine k(l).
-3
Let l(p) = 4*p**2 + 2*p**2 - p**2 - 16*p**2 + 4 - 8*p + 12*p**2. Let y be (-3 + 0)*14/(-6). Calculate l(y).
-3
Suppose -4*n + n + 3 = 0. Let v(h) = -h**2 - 2*h + 1. What is v(n)?
-2
Suppose 0 = 5*a - 6*a + 1. Let x(r) = 38*r + 8. Let q(g) = 13*g + 3. Let l(j) = 11*q(j) - 4*x(j). Determine l(a).
-8
Let r(t) = t**3 - 7*t**2 + 7*t - 4. Let v be r(6). Let l(s) = 4 + 1 + 1 + v*s - 4. Determine l(-3).
-4
Suppose 3*q + 3*b - 42 = 0, 2 = q - 0*b - 2*b. Let r(d) = -d**3 + 9*d**2 + 12*d + 4. Determine r(q).
24
Suppose 2*c - 5*s - 22 = 0, -4*s - s = c + 19. Let a = 17 + c. Suppose 2 = -r + 2*r, v = 5*r - a. Let b(t) = -t**2 - 7*t + 1. What is b(v)?
-7
Suppose 2*k - 37 + 21 = 3*u, 4*u = -3*k + 24. Let d be 4/6 - 141/9. Let l = k + d. Let b(x) = -x - 8. Determine b(l).
-1
Let w(p) = 4*p + 48. Let r be w(-11). Let d(i) be the third derivative of 0*i**3 + 1/60*i**5 - 1/12*i**r - i**2 + 0*i + 0. What is d(-2)?
8
Let k(v) = v**3 + 7*v**2 - 11*v - 9. Let j be k(-8). Let i be 8 + 17 - (10 - 4). Let a = j - i. Let t(q) = q**3 + 4*q**2 - 2. What is t(a)?
-2
Let k(d) = -d**2 - d - 1. Let n(z) = -7*z**2 - 27*z - 23. Let h(v) = 6*k(v) - n(v). What is h(-20)?
-3
Let c(l) be the second derivative of l**3/3 - l**2/2 - 3*l. Let b be c(2). Let a(n) = 390*n - 198*n + 2*n**2 - 4 - 193*n. Calculate a(b).
11
Let z(l) be the second derivative of -l**3/6 - 5*l**2/2 - 3*l. Let x be (11 - 9) + (-4)/(-2 + 4). Determine z(x).
-5
Let p = -2 - -7. Suppose -p*s + 33 = -5*m + 3, 0 = -5*s + 2*m + 18. Let j(h) = 3*h**2 - 2*h - 2. Determine j(s).
6
Let i(t) = t - 9. Suppose 5*a - 3*a = 0. Suppose a = -17*v + 19*v. What is i(v)?
-9
Let r(b) = b**2 + 7*b + 6. Let l = -41 - -45. Suppose 0 = 2*q, -l*w + 2*q - 28 = 6*q. Give r(w).
6
Let f be ((-3)/5)/((-1)/5). Let x(a) = -a**2 + a + 6. Let j be x(-2). Let y(k) = 4*k + 0 + k**2 + j*k + 0*k + f. What is y(-2)?
-1
Let m(f) = 5*f - 3. Let j(p) = 8*p - 7. Let o(i) = -2*j(i) + 5*m(i). Let z = 5 + -3. Determine o(z).
17
Let i = 21 + -22. Let r(z) = 3*z**3 + 2*z + 2. Let h be r(i). Let n = h + 2. Let k(w) = -7*w. What is k(n)?
7
Let k(h) = h**3 + 5*h**2 + 2*h - 6. Let r(q) = -q**2 - 2. Let a be r(1). Give k(a).
6
Let n(r) = r**2 - 3*r - 3. Let c(h) = -h**2 - 7*h - 6. Let v be -3 + 5 - 10 - -3. Let q be c(v). Calculate n(q).
1
Let n(b) be the second derivative of -b**4/12 - 2*b**3/3 + 3*b**2 + 187*b. What is n(-6)?
-6
Let h = -220 - -224. Let b(u) = -u**3 + 6*u**2 - 5*u - 4. Calculate b(h).
8
Let p(z) = 2*z - 2. Let g = 11 - 20. Let j = g + 9. Suppose 5*q = 3*s - 5 + 18, j = 3*q + 4*s - 31. Give p(q).
8
Let q(l) = 7*l + 7. Let s(g) = -g. Let p(b) = -q(b) - 6*s(b). Determine p(-10).
3
Suppose 15 = 5*g - 10. Let z(t) = -4 - 122*t + g*t**2 - 2*t**2 - t**3 + 126*t. Calculate z(3).
8
Suppose -11*x = -132 + 176. Let z(t) = -t**3 - 3*t**2 + 3*t - 7. What is z(x)?
-3
Let l(b) = -b**2 + 5*b - 3. Let z = 20 + -10. Suppose -28*o + 30*o = z. Determine l(o).
-3
Let p(s) = 2*s**2 - 151*s - 1 - 3*s**2 + 143*s - 3. What is p(-8)?
-4
Let q(g) = 7*g - 6 + 0*g - 6*g**2 - 2*g + 4*g**2. Let d = -2 + 6. Calculate q(d).
-18
Let f(h) be the third derivative of 7*h**5/60 - h**3/6 + 518*h**2. Determine f(1).
6
Let j(t) = t**3 - 8*t**2 - 3. Let i(h) = 2*h - 27. Let q(u) = -8*u + 136. Let c(f) = -24*i(f) - 5*q(f). Let d be c(-5). Determine j(d).
-3
Let z(x) be the first derivative of -x**4/4 - 8*x**3/3 + 5*x**2 - 14*x - 168. Give z(-10).
86
Let p(b) be the first derivative of b**3/3 + 3*b**2/2 - 5*b + 212. Give p(-5).
5
Let f(r) = r**2 + r - 1. Let w(p) = -2*p**2 - 8*p + 2. Suppose -3*l - 3*i + 3 = 0, 4*l + 5 - 17 = 4*i. Let h = -3 + l. Let u(n) = h*w(n) - 3*f(n). Give u(5).
1
Let x(o) = -9*o**2 - 3126*o**3 + 12*o + 6248*o**3 - 3121*o**3 - 10. Determine x(8).
22
Let j(v) be the first derivative of 1/4*v**4 - 2*v + 10 - 1/2*v**2 + 0*v**3. Calculate j(0).
-2
Let m(y) be the first derivative of 16 + y**2 - 1/4*y**4 - y**3 + 0*y. Let q = -1 - 1. What is m(q)?
-8
Suppose 0 = 5*f - 25, 0 = 2*l + 